{"id":107,"date":"2018-08-16T15:50:20","date_gmt":"2018-08-16T13:50:20","guid":{"rendered":"http:\/\/eglise-saint-clair.org\/?page_id=107"},"modified":"2025-10-17T09:44:05","modified_gmt":"2025-10-17T07:44:05","slug":"contact","status":"publish","type":"page","link":"https:\/\/eglise-saint-clair.org\/?page_id=107","title":{"rendered":"Contact"},"content":{"rendered":"<p><span style=\"font-family: verdana, geneva, sans-serif; font-size: 14pt;\">Pour nous contacter&#8230;<\/span><\/p>\n<p style=\"padding-left: 30px;\"><strong><span style=\"font-family: verdana, geneva, sans-serif; font-size: 14pt;\">Adresse postale :<\/span><\/strong><\/p>\n<p style=\"padding-left: 60px;\"><span style=\"font-family: verdana, geneva, sans-serif; font-size: 14pt;\">Association pour la Sauvegarde et l&rsquo;Animation<\/span><br \/>\n<span style=\"font-family: verdana, geneva, sans-serif; font-size: 14pt;\">de l&rsquo;Eglise d&rsquo;H\u00e9rouville en Vexin (ASE H\u00e9rouville)<\/span><br \/>\n<span style=\"font-family: verdana, geneva, sans-serif; font-size: 14pt;\">Mairie<\/span><br \/>\n<span style=\"font-family: verdana, geneva, sans-serif; font-size: 14pt;\">3 rue du Poteau<\/span><br \/>\n<span style=\"font-family: verdana, geneva, sans-serif; font-size: 14pt;\">95300 HEROUVILLE EN VEXIN<\/span><\/p>\n<p style=\"padding-left: 30px;\"><span style=\"font-family: verdana, geneva, sans-serif; font-size: 14pt;\"><strong>Mail :<\/strong> <span style=\"color: #0000ff;\">contact@eglise-saint-clair.org<\/span><\/span><\/p>\n<p style=\"padding-left: 30px;\"><strong><span style=\"font-family: verdana, geneva, sans-serif; font-size: 14pt;\">Bureau de l&rsquo;Association :<\/span><\/strong><\/p>\n<p style=\"padding-left: 60px;\"><span style=\"font-family: verdana, geneva, sans-serif; font-size: 14pt;\">Pr\u00e9sident : Jean-Marie PIERRAT 06 63 12 41 61 contact@eglise-saint-clair.org<\/span><br \/>\n<span style=\"font-family: verdana, geneva, sans-serif; font-size: 14pt;\">Pr\u00e9sident d&rsquo;honneur : Pierre GRENIER\u00a0<\/span><br \/>\n<span style=\"font-family: verdana, geneva, sans-serif; font-size: 14pt;\">Vice-Pr\u00e9sident: Jean-Marie HOBLINGRE 06 08 98 92 55<\/span><br \/>\n<span style=\"font-family: verdana, geneva, sans-serif; font-size: 14pt;\">Secr\u00e9taire : Emmanuelle VAILLERE 06 60 6186 14<\/span><br \/>\n<span style=\"font-family: verdana, geneva, sans-serif; font-size: 14pt;\">Secr\u00e9taire adjoint : Francis POUPEL 06 03 78 64 64<\/span><br \/>\n<span style=\"font-family: verdana, geneva, sans-serif; font-size: 14pt;\">Tr\u00e9sori\u00e8re : Jocelyne SINGEOT\u00a0 06 09 12 78 32<\/span><br \/>\n<span style=\"font-family: verdana, geneva, sans-serif; font-size: 14pt;\">Tr\u00e9sori\u00e8re adjointe : Nicole CLOAREC 01 34 66 52 09<\/span><\/p>\n<p style=\"padding-left: 40px;\"><span style=\"font-family: verdana, geneva, sans-serif; font-size: 14pt;\">Le Maire de la Commune (propri\u00e9taire depuis la Loi de s\u00e9paration de l&rsquo;Eglise et de l&rsquo;Etat de 1905) et le cur\u00e9 de la paroisse sont membres de droit du Conseil d&rsquo;Administration<\/span><\/p>\n","protected":false},"excerpt":{"rendered":"<p>Pour nous contacter&#8230; Adresse postale : Association pour la Sauvegarde et l&rsquo;Animation de l&rsquo;Eglise d&rsquo;H\u00e9rouville en Vexin (ASE H\u00e9rouville) Mairie 3 rue du Poteau 95300 HEROUVILLE EN VEXIN Mail : contact@eglise-saint-clair.org Bureau de l&rsquo;Association : Pr\u00e9sident : Jean-Marie PIERRAT 06 63 12 41 61 contact@eglise-saint-clair.org Pr\u00e9sident d&rsquo;honneur : Pierre GRENIER\u00a0 Vice-Pr\u00e9sident: Jean-Marie HOBLINGRE 06 08 98 92 55 Secr\u00e9taire : Emmanuelle VAILLERE 06 60 6186 14 Secr\u00e9taire adjoint : Francis POUPEL 06 03 78 64 64 Tr\u00e9sori\u00e8re : Jocelyne SINGEOT\u00a0 06 09 12 78 32 Tr\u00e9sori\u00e8re adjointe : Nicole CLOAREC 01 34 66 52 09 Le Maire de la Commune (propri\u00e9taire depuis la Loi de s\u00e9paration de l&rsquo;Eglise et de l&rsquo;Etat de 1905) et le cur\u00e9 de la paroisse sont membres de droit du Conseil d&rsquo;Administration<\/p>\n","protected":false},"author":1,"featured_media":0,"parent":0,"menu_order":0,"comment_status":"closed","ping_status":"closed","template":"","meta":{"footnotes":""},"class_list":["post-107","page","type-page","status-publish","hentry"],"yoast_head":"<!-- This site is optimized with the Yoast SEO plugin v19.3 - https:\/\/yoast.com\/wordpress\/plugins\/seo\/ -->\n<title>Contact &lt;<\/title>\n<meta name=\"robots\" content=\"index, follow, max-snippet:-1, max-image-preview:large, max-video-preview:-1\" \/>\n<link rel=\"canonical\" href=\"https:\/\/eglise-saint-clair.org\/?page_id=107\" \/>\n<meta property=\"og:locale\" content=\"fr_FR\" \/>\n<meta property=\"og:type\" content=\"article\" \/>\n<meta property=\"og:title\" content=\"Contact &lt;\" \/>\n<meta property=\"og:description\" content=\"Pour nous contacter&#8230; Adresse postale : Association pour la Sauvegarde et l&rsquo;Animation de l&rsquo;Eglise d&rsquo;H\u00e9rouville en Vexin (ASE H\u00e9rouville) Mairie 3 rue du Poteau 95300 HEROUVILLE EN VEXIN Mail : contact@eglise-saint-clair.org Bureau de l&rsquo;Association : Pr\u00e9sident : Jean-Marie PIERRAT 06 63 12 41 61 contact@eglise-saint-clair.org Pr\u00e9sident d&rsquo;honneur : Pierre GRENIER\u00a0 Vice-Pr\u00e9sident: Jean-Marie HOBLINGRE 06 08 98 92 55 Secr\u00e9taire : Emmanuelle VAILLERE 06 60 6186 14 Secr\u00e9taire adjoint : Francis POUPEL 06 03 78 64 64 Tr\u00e9sori\u00e8re : Jocelyne SINGEOT\u00a0 06 09 12 78 32 Tr\u00e9sori\u00e8re adjointe : Nicole CLOAREC 01 34 66 52 09 Le Maire de la Commune (propri\u00e9taire depuis la Loi de s\u00e9paration de l&rsquo;Eglise et de l&rsquo;Etat de 1905) et le cur\u00e9 de la paroisse sont membres de droit du Conseil d&rsquo;Administration\" \/>\n<meta property=\"og:url\" content=\"https:\/\/eglise-saint-clair.org\/?page_id=107\" \/>\n<meta property=\"article:modified_time\" content=\"2025-10-17T07:44:05+00:00\" \/>\n<meta name=\"twitter:card\" content=\"summary_large_image\" \/>\n<meta name=\"twitter:label1\" content=\"Dur\u00e9e de lecture estim\u00e9e\" \/>\n\t<meta name=\"twitter:data1\" content=\"1 minute\" \/>\n<script type=\"application\/ld+json\" class=\"yoast-schema-graph\">{\"@context\":\"https:\/\/schema.org\",\"@graph\":[{\"@type\":\"Organization\",\"@id\":\"https:\/\/eglise-saint-clair.org\/#organization\",\"name\":\"Association de Sauvegarde de l'\u00e9glise Saint clair d'H\u00e9rouville-en-Vexin\",\"url\":\"https:\/\/eglise-saint-clair.org\/\",\"sameAs\":[],\"logo\":{\"@type\":\"ImageObject\",\"inLanguage\":\"fr-FR\",\"@id\":\"https:\/\/eglise-saint-clair.org\/#\/schema\/logo\/image\/\",\"url\":\"https:\/\/eglise-saint-clair.org\/wp-content\/uploads\/2018\/09\/Logo-Association-Eglise.gif\",\"contentUrl\":\"https:\/\/eglise-saint-clair.org\/wp-content\/uploads\/2018\/09\/Logo-Association-Eglise.gif\",\"width\":392,\"height\":598,\"caption\":\"Association de Sauvegarde de l'\u00e9glise Saint clair d'H\u00e9rouville-en-Vexin\"},\"image\":{\"@id\":\"https:\/\/eglise-saint-clair.org\/#\/schema\/logo\/image\/\"}},{\"@type\":\"WebSite\",\"@id\":\"https:\/\/eglise-saint-clair.org\/#website\",\"url\":\"https:\/\/eglise-saint-clair.org\/\",\"name\":\"Association de Sauvegarde de l'Eglise d'HEROUVILLE EN VEXIN\",\"description\":\"Apportez votre pierre !\",\"publisher\":{\"@id\":\"https:\/\/eglise-saint-clair.org\/#organization\"},\"potentialAction\":[{\"@type\":\"SearchAction\",\"target\":{\"@type\":\"EntryPoint\",\"urlTemplate\":\"https:\/\/eglise-saint-clair.org\/?s={search_term_string}\"},\"query-input\":\"required name=search_term_string\"}],\"inLanguage\":\"fr-FR\"},{\"@type\":\"WebPage\",\"@id\":\"https:\/\/eglise-saint-clair.org\/?page_id=107\",\"url\":\"https:\/\/eglise-saint-clair.org\/?page_id=107\",\"name\":\"Contact &lt;\",\"isPartOf\":{\"@id\":\"https:\/\/eglise-saint-clair.org\/#website\"},\"datePublished\":\"2018-08-16T13:50:20+00:00\",\"dateModified\":\"2025-10-17T07:44:05+00:00\",\"breadcrumb\":{\"@id\":\"https:\/\/eglise-saint-clair.org\/?page_id=107#breadcrumb\"},\"inLanguage\":\"fr-FR\",\"potentialAction\":[{\"@type\":\"ReadAction\",\"target\":[\"https:\/\/eglise-saint-clair.org\/?page_id=107\"]}]},{\"@type\":\"BreadcrumbList\",\"@id\":\"https:\/\/eglise-saint-clair.org\/?page_id=107#breadcrumb\",\"itemListElement\":[{\"@type\":\"ListItem\",\"position\":1,\"name\":\"Accueil\",\"item\":\"https:\/\/eglise-saint-clair.org\/\"},{\"@type\":\"ListItem\",\"position\":2,\"name\":\"Contact\"}]}]}<\/script>\n<!-- \/ Yoast SEO plugin. -->","yoast_head_json":{"title":"Contact &lt;","robots":{"index":"index","follow":"follow","max-snippet":"max-snippet:-1","max-image-preview":"max-image-preview:large","max-video-preview":"max-video-preview:-1"},"canonical":"https:\/\/eglise-saint-clair.org\/?page_id=107","og_locale":"fr_FR","og_type":"article","og_title":"Contact &lt;","og_description":"Pour nous contacter&#8230; Adresse postale : Association pour la Sauvegarde et l&rsquo;Animation de l&rsquo;Eglise d&rsquo;H\u00e9rouville en Vexin (ASE H\u00e9rouville) Mairie 3 rue du Poteau 95300 HEROUVILLE EN VEXIN Mail : contact@eglise-saint-clair.org Bureau de l&rsquo;Association : Pr\u00e9sident : Jean-Marie PIERRAT 06 63 12 41 61 contact@eglise-saint-clair.org Pr\u00e9sident d&rsquo;honneur : Pierre GRENIER\u00a0 Vice-Pr\u00e9sident: Jean-Marie HOBLINGRE 06 08 98 92 55 Secr\u00e9taire : Emmanuelle VAILLERE 06 60 6186 14 Secr\u00e9taire adjoint : Francis POUPEL 06 03 78 64 64 Tr\u00e9sori\u00e8re : Jocelyne SINGEOT\u00a0 06 09 12 78 32 Tr\u00e9sori\u00e8re adjointe : Nicole CLOAREC 01 34 66 52 09 Le Maire de la Commune (propri\u00e9taire depuis la Loi de s\u00e9paration de l&rsquo;Eglise et de l&rsquo;Etat de 1905) et le cur\u00e9 de la paroisse sont membres de droit du Conseil d&rsquo;Administration","og_url":"https:\/\/eglise-saint-clair.org\/?page_id=107","article_modified_time":"2025-10-17T07:44:05+00:00","twitter_card":"summary_large_image","twitter_misc":{"Dur\u00e9e de lecture estim\u00e9e":"1 minute"},"schema":{"@context":"https:\/\/schema.org","@graph":[{"@type":"Organization","@id":"https:\/\/eglise-saint-clair.org\/#organization","name":"Association de Sauvegarde de l'\u00e9glise Saint clair d'H\u00e9rouville-en-Vexin","url":"https:\/\/eglise-saint-clair.org\/","sameAs":[],"logo":{"@type":"ImageObject","inLanguage":"fr-FR","@id":"https:\/\/eglise-saint-clair.org\/#\/schema\/logo\/image\/","url":"https:\/\/eglise-saint-clair.org\/wp-content\/uploads\/2018\/09\/Logo-Association-Eglise.gif","contentUrl":"https:\/\/eglise-saint-clair.org\/wp-content\/uploads\/2018\/09\/Logo-Association-Eglise.gif","width":392,"height":598,"caption":"Association de Sauvegarde de l'\u00e9glise Saint clair d'H\u00e9rouville-en-Vexin"},"image":{"@id":"https:\/\/eglise-saint-clair.org\/#\/schema\/logo\/image\/"}},{"@type":"WebSite","@id":"https:\/\/eglise-saint-clair.org\/#website","url":"https:\/\/eglise-saint-clair.org\/","name":"Association de Sauvegarde de l'Eglise d'HEROUVILLE EN VEXIN","description":"Apportez votre pierre !","publisher":{"@id":"https:\/\/eglise-saint-clair.org\/#organization"},"potentialAction":[{"@type":"SearchAction","target":{"@type":"EntryPoint","urlTemplate":"https:\/\/eglise-saint-clair.org\/?s={search_term_string}"},"query-input":"required name=search_term_string"}],"inLanguage":"fr-FR"},{"@type":"WebPage","@id":"https:\/\/eglise-saint-clair.org\/?page_id=107","url":"https:\/\/eglise-saint-clair.org\/?page_id=107","name":"Contact &lt;","isPartOf":{"@id":"https:\/\/eglise-saint-clair.org\/#website"},"datePublished":"2018-08-16T13:50:20+00:00","dateModified":"2025-10-17T07:44:05+00:00","breadcrumb":{"@id":"https:\/\/eglise-saint-clair.org\/?page_id=107#breadcrumb"},"inLanguage":"fr-FR","potentialAction":[{"@type":"ReadAction","target":["https:\/\/eglise-saint-clair.org\/?page_id=107"]}]},{"@type":"BreadcrumbList","@id":"https:\/\/eglise-saint-clair.org\/?page_id=107#breadcrumb","itemListElement":[{"@type":"ListItem","position":1,"name":"Accueil","item":"https:\/\/eglise-saint-clair.org\/"},{"@type":"ListItem","position":2,"name":"Contact"}]}]}},"_links":{"self":[{"href":"https:\/\/eglise-saint-clair.org\/index.php?rest_route=\/wp\/v2\/pages\/107","targetHints":{"allow":["GET"]}}],"collection":[{"href":"https:\/\/eglise-saint-clair.org\/index.php?rest_route=\/wp\/v2\/pages"}],"about":[{"href":"https:\/\/eglise-saint-clair.org\/index.php?rest_route=\/wp\/v2\/types\/page"}],"author":[{"embeddable":true,"href":"https:\/\/eglise-saint-clair.org\/index.php?rest_route=\/wp\/v2\/users\/1"}],"replies":[{"embeddable":true,"href":"https:\/\/eglise-saint-clair.org\/index.php?rest_route=%2Fwp%2Fv2%2Fcomments&post=107"}],"version-history":[{"count":7,"href":"https:\/\/eglise-saint-clair.org\/index.php?rest_route=\/wp\/v2\/pages\/107\/revisions"}],"predecessor-version":[{"id":677,"href":"https:\/\/eglise-saint-clair.org\/index.php?rest_route=\/wp\/v2\/pages\/107\/revisions\/677"}],"wp:attachment":[{"href":"https:\/\/eglise-saint-clair.org\/index.php?rest_route=%2Fwp%2Fv2%2Fmedia&parent=107"}],"curies":[{"name":"wp","href":"https:\/\/api.w.org\/{rel}","templated":true}]}}